ts digit of w?
4
Let o = -455 - -676. What is the hundreds digit of o?
2
Suppose -6*b = -2*b. Suppose 2*z = 3*a - b*a + 52, -a + 113 = 5*z. What is the tens digit of z?
2
Let f(z) = 20*z + 25. What is the tens digit of f(3)?
8
Let d(g) = g**2 - 7*g - 2. Let o be d(7). Let v be o - 4/(6/(-3)). Suppose -5*m - z + 30 = v, -3 - 7 = -3*m + z. What is the units digit of m?
5
Let n(g) = g**3 + 4*g**2 - 2*g + 5. Let i be (-7 + 3)*10/8. Let k be n(i). What is the units digit of (12/k)/((-2)/15)?
9
Let o(s) = s - 3. Let j(a) = -a + 1. Let u(q) = -2*j(q) - o(q). Suppose 3*g - 4 = -1. What is the units digit of u(g)?
2
Let o(x) = x**3 + 8*x**2 - 5*x - 5. What is the units digit of o(-8)?
5
Suppose 0 = -q - 1 - 5. Let g be 6/4 + q/(-12). Suppose 0*t - 13 = -g*v + t, v = -4*t - 7. What is the units digit of v?
5
Suppose 48 = 3*i + i. Let b = -7 + i. Suppose -s - 48 = -0*q - 4*q, -81 = -b*q - 4*s. What is the tens digit of q?
1
What is the tens digit of (0 + 5)*(-442)/(-65)?
3
What is the tens digit of (-10)/(((-8)/102)/(4/6))?
8
Suppose 5 = q + 1. Suppose 5*n - 116 = -t, 4*n + 0*t - q*t - 112 = 0. What is the units digit of n?
4
Suppose -2*d - 41 = -181. What is the tens digit of d?
7
Suppose -4*x + 3*x - 5*z = 23, 2*x = -3*z - 11. Suppose 0 = 5*o - 5*b, b + x = -0*b. What is the units digit of o*(-2)/(-4)*-4?
4
Let v = -11 + 15. Suppose v*i + 72 = 3*s + 2*i, -i = 5*s - 107. What is the units digit of s?
2
Suppose h = 4 - 2. Suppose h*v = -7 - 5. What is the units digit of (-40)/(-12) + 2/v?
3
Let c = 80 - -157. What is the hundreds digit of c?
2
Let m(k) = 4*k - 10. Let p be m(9). Suppose -3*o + 67 = -p. What is the tens digit of o?
3
Suppose -12 = -4*t + 4*k, 3*t - 3*k - 1 = 2*t. Suppose -13 = -4*d + x, x - t*x = 5*d - 12. What is the units digit of d?
3
Suppose -4*l + 350 = -2*l - 4*f, 4*l = -5*f + 635. What is the hundreds digit of l?
1
Suppose -b = -3*b - 22. What is the units digit of ((-6)/(-7))/(b/(-462))?
6
Let g = -9 + 45. What is the units digit of g + 6*(-4)/8?
3
Suppose -28 = -c + 32. What is the units digit of c?
0
Let j = -45 - -72. What is the tens digit of j?
2
Suppose -g - 11 = -y - 4, 5*g = 4*y - 33. Let z = -1 + y. Let t = z + 0. What is the units digit of t?
1
Let n = -8 - -8. Let t = n + 3. What is the units digit of t + (-3 + 5 - 1)?
4
Let v = -7 - -16. Let o be -2 + 0 + 54/v. Suppose -5*w = 3*f + 21 - 7, -5*f - o*w = 6. What is the units digit of f?
2
Suppose -5*c - 132 = -9*c. What is the units digit of c?
3
Let s = -94 - -138. What is the tens digit of s?
4
Let y = 6 - 4. Suppose y*a + 2*q = 2, 4*a = -0*a - 2*q. What is the units digit of (1/(-3))/(a/12)?
4
Let f(x) = -x**2 - 7*x + 4. Let g be f(-7). Let q(w) = 3*w + 4. What is the units digit of q(g)?
6
Let x(g) = -g + 6. Let t be x(3). What is the units digit of 1/(-4)*(-228)/t?
9
Suppose 2 = 3*c - 5*m, 5*c + 19 = 4*m + 5. Let b = c + 9. What is the units digit of b?
3
Let h be (-4)/(-4) - (-2 - -1). Let n(r) = 2*r**2 + 2*r. What is the units digit of n(h)?
2
Let t be (2/(-4))/((-1)/4). Let x be 14/8 - t/(-8). Suppose 19 = x*v - k, -7 = -3*v + 2*k + 24. What is the units digit of v?
7
Let v = 4 + -4. Suppose l + 2 - 5 = v. What is the units digit of l?
3
Let w(s) = s**3 + 7*s**2 + 4*s - 8. Let u(l) = -2*l**2 + 2. Let j be u(-2). Let m be w(j). Suppose 10 = m*n + 2. What is the units digit of n?
2
Let p = 43 - 19. What is the tens digit of p?
2
Let y(n) = -n**3 + 3*n**2 + 6*n - 6. Let u be y(4). Suppose w - 1 = u. What is the units digit of w?
3
Let f(s) = s**2 + 0 + 3 - 2 - 3*s. What is the tens digit of f(5)?
1
Let v(i) = -i**3 - i**2 + 46. What is the tens digit of v(0)?
4
Let s = -55 - -79. What is the tens digit of s?
2
Suppose 2*k + 7 = 1. Let i(b) = b**2 - 2*b - 3. What is the units digit of i(k)?
2
Suppose 4*j = -5 + 13. What is the units digit of 15 - 0*1/j?
5
Let p(t) = t**3 - 9*t**2 + 8*t - 11. Let f be p(9). Let u = 93 - f. Let a = u - 19. What is the units digit of a?
3
Suppose 0 = -5*j - 49 + 229. What is the tens digit of j?
3
Suppose j = -r + 2, 4*j - 3*r - 32 + 10 = 0. Suppose 55 = -j*t - t. Let b = t + 20. What is the units digit of b?
9
Suppose -9*d - 9 = -10*d. What is the units digit of d?
9
Let j(k) = -k**2 - 10*k + 15. Let b be j(-11). Let f be -2*((-58)/b - 3). What is the tens digit of (-180)/(-14) - (-5)/f?
1
Let l = 95 - 45. What is the units digit of l?
0
Suppose 0 = -q + 1 - 6, 0 = 2*d - 4*q - 16. Let j = 5 + d. What is the units digit of j?
3
Let c(z) = -7*z + 39. What is the units digit of c(-15)?
4
Let s = 53 + -35. Let n be s/(2 + -2 - -2). What is the units digit of n/1 - (0 - 2)?
1
Let h(i) = 11*i**2 + 5*i + 23. Let m(b) = -4*b**2 - 2*b - 8. Let x(j) = 3*h(j) + 8*m(j). What is the units digit of x(0)?
5
Suppose 7*f + 83 = 342. What is the units digit of f?
7
Let q = -101 + 146. What is the units digit of q?
5
Suppose 7*u + 253 = 8*u. What is the units digit of u?
3
Let m(r) = -r + 10. Let k(p) = 4*p - 50. Let t(f) = -3*k(f) - 14*m(f). What is the tens digit of t(0)?
1
Let o = -89 - -145. Suppose 4*j + o = 2*l, -2*l - j - 3*j = -88. What is the tens digit of l?
3
What is the tens digit of (-1625)/(-25)*(-3)/(6/(-4))?
3
What is the units digit of (-1176)/(-36) - (-2)/(-3)?
2
Suppose -27*d = -26*d - 273. What is the hundreds digit of d?
2
Let o be ((-10)/(-3))/(8/24). Let j = 21 - o. What is the units digit of j?
1
Let u = 39 + -55. Let w be (u/10)/((-6)/45). Suppose -2*z = -2*l + 2*z + w, -l + 4*z + 4 = 0. What is the units digit of l?
8
Let t be 3 - 6/(-9)*3. Let s(l) = 2*l - 5. What is the units digit of s(t)?
5
Let k = -6 + 8. Suppose -3*n + 58 = 5*x, -3*x - k*x = n - 66. What is the units digit of x?
4
Suppose -4*o = -112 - 128. What is the units digit of o?
0
What is the units digit of (90/(-7))/(78/42 + -2)?
0
Let o(s) = s + 9. What is the tens digit of o(7)?
1
Let g = 175 - 110. Let z = -41 + g. Suppose -2 + z = 2*j. What is the units digit of j?
1
Suppose -4*f + 3*f - 2 = 0. What is the tens digit of (f - 0 - -3)*19?
1
Let h be ((-4)/10)/(4/(-20)). Suppose 0 = -4*x + 3*z - 11, h*x + 2*z - 1 = -3*z. Let q(d) = -2*d**3 - 2*d**2 - d. What is the tens digit of q(x)?
1
Let r(f) = f**2 + f + 1. Suppose -5*w - 5 = 5. Let m be r(w). Suppose -m*n = n - 20. What is the units digit of n?
5
Let i(s) = 27*s - 18*s - 2 - 10*s + 1. Let a(c) = c**2 - 6*c + 2. Let w be a(3). What is the units digit of i(w)?
6
Suppose -2*t - 5*q = -61, -2*q + 37 + 27 = 3*t. Let r = -9 + t. What is the units digit of r?
9
What is the units digit of 3*3/9 + 7?
8
Suppose -3*r + 117 + 201 = 0. What is the units digit of r?
6
Suppose -c = -4*c + 9. Suppose -4*v + 12 = -c*u + 99, 0 = -3*u - 4*v + 63. Let o = u + -11. What is the units digit of o?
4
Let a be 9/6 + 1/(-2). Suppose -5*h - 5 + 4 = -n, n + 4*h = a. What is the units digit of n?
1
What is the units digit of (-208)/(-6) - 4/6?
4
Let x = -1 - -6. Let s = x - 5. Let h = s + 6. What is the units digit of h?
6
Suppose 5*b - 4*l - 25 = 0, 3*l + l + 5 = b. Suppose j - 3 = -b*s, 5*j + 3 = -4*s + 18. Suppose j*g - z = 13, 5*z = -4*g + 7 - 15. What is the units digit of g?
3
Suppose 4*q = -2*d - d + 20, 4*q = -d + 12. Suppose -d*i - 10 = -58. What is the units digit of i?
2
Suppose -a + 14 = -1. What is the tens digit of a?
1
What is the hundreds digit of 1*(-6)/(-9) - (-1070)/6?
1
Let s = 29 - 20. What is the units digit of s?
9
Suppose -3*m + 2*q = -333, 7*m = 4*m - 3*q + 348. What is the units digit of m?
3
Suppose 0 = -5*h + 2*o + 179, 0*h + o = -h + 33. Let w be 30/h*(-14 + 0). What is the units digit of (-3)/w + (-14)/(-8)?
2
Let l(j) = j**2 - 10*j. Let i be l(6). Let q be 13/26 + (-9)/2. What is the units digit of 112/i*6/q?
7
Let n(p) = 7*p - 33. What is the units digit of n(14)?
5
Suppose 0 = -2*p - 1 + 31. What is the tens digit of 3 + (2 - (3 - p))?
1
What is the tens digit of -2 + 114/3 + -1?
3
Let x(u) = 12*u**2 + u - 2. What is the tens digit of x(-2)?
4
Suppose 3 = 2*c + 11. Let r be 1/c - (-45)/20. Suppose r*z + 29 = 3*z - 5*o, 2*z + o = 3. What is the units digit of z?
4
Let r(v) = -3*v - 1 + 2 + 4 - v. What is the tens digit of r(-4)?
2
Let v be ((-3)/(-9))/(2/(-6)). Let z = 3 + v. Suppose z*l = -2*l + 12. What is the units digit of l?
3
Let l = -5 - -8. Suppose 4 = -y + l*y. What is the units digit of y?
2